{"id":3150,"date":"2022-07-07T18:02:09","date_gmt":"2022-07-07T18:02:09","guid":{"rendered":"https:\/\/visaoplus.pt\/wp-content\/uploads\/2022\/07\/lentes-for-blog-vanguard.jpg"},"modified":"2022-07-07T18:56:15","modified_gmt":"2022-07-07T18:56:15","slug":"visao-plus-140x50cm-6","status":"inherit","type":"attachment","link":"https:\/\/visaoplus.pt\/en\/visao-plus-140x50cm-6\/","title":{"rendered":"Vis\u00e3o Plus Lente Vanguard"},"author":1,"featured_media":0,"comment_status":"open","ping_status":"closed","template":"","meta":{"om_disable_all_campaigns":false,"_uag_custom_page_level_css":"","_monsterinsights_skip_tracking":false,"_monsterinsights_sitenote_active":false,"_monsterinsights_sitenote_note":"","_monsterinsights_sitenote_category":0,"site-sidebar-layout":"default","site-content-layout":"","ast-site-content-layout":"default","site-content-style":"default","site-sidebar-style":"default","ast-global-header-display":"","ast-banner-title-visibility":"","ast-main-header-display":"","ast-hfb-above-header-display":"","ast-hfb-below-header-display":"","ast-hfb-mobile-header-display":"","site-post-title":"","ast-breadcrumbs-content":"","ast-featured-img":"","footer-sml-layout":"","ast-disable-related-posts":"","theme-transparent-header-meta":"","adv-header-id-meta":"","stick-header-meta":"","header-above-stick-meta":"","header-main-stick-meta":"","header-below-stick-meta":"","astra-migrate-meta-layouts":"default","ast-page-background-enabled":"default","ast-page-background-meta":{"desktop":{"background-color":"","background-image":"","background-repeat":"repeat","background-position":"center center","background-size":"auto","background-attachment":"scroll","background-type":"","background-media":"","overlay-type":"","overlay-color":"","overlay-opacity":"","overlay-gradient":""},"tablet":{"background-color":"","background-image":"","background-repeat":"repeat","background-position":"center center","background-size":"auto","background-attachment":"scroll","background-type":"","background-media":"","overlay-type":"","overlay-color":"","overlay-opacity":"","overlay-gradient":""},"mobile":{"background-color":"","background-image":"","background-repeat":"repeat","background-position":"center center","background-size":"auto","background-attachment":"scroll","background-type":"","background-media":"","overlay-type":"","overlay-color":"","overlay-opacity":"","overlay-gradient":""}},"ast-content-background-meta":{"desktop":{"background-color":"var(--ast-global-color-5)","background-image":"","background-repeat":"repeat","background-position":"center center","background-size":"auto","background-attachment":"scroll","background-type":"","background-media":"","overlay-type":"","overlay-color":"","overlay-opacity":"","overlay-gradient":""},"tablet":{"background-color":"var(--ast-global-color-5)","background-image":"","background-repeat":"repeat","background-position":"center center","background-size":"auto","background-attachment":"scroll","background-type":"","background-media":"","overlay-type":"","overlay-color":"","overlay-opacity":"","overlay-gradient":""},"mobile":{"background-color":"var(--ast-global-color-5)","background-image":"","background-repeat":"repeat","background-position":"center center","background-size":"auto","background-attachment":"scroll","background-type":"","background-media":"","overlay-type":"","overlay-color":"","overlay-opacity":"","overlay-gradient":""}}},"class_list":["post-3150","attachment","type-attachment","status-inherit","hentry"],"aioseo_notices":[],"description":{"rendered":"<p class=\"attachment\"><a href='https:\/\/visaoplus.pt\/wp-content\/uploads\/2022\/07\/lentes-for-blog-vanguard.jpg'><img loading=\"lazy\" decoding=\"async\" width=\"220\" height=\"300\" src=\"https:\/\/visaoplus.pt\/wp-content\/uploads\/2022\/07\/lentes-for-blog-vanguard-220x300.jpg\" class=\"attachment-medium size-medium\" alt=\"Vanguard, lentes progressivas da Vis\u00e3o Plus. Classifica\u00e7\u00e3o de Vis\u00e3o ao Longe: 7\/8; Interm\u00e9dia: 6\/8; Perto: 6.5\/8\" srcset=\"https:\/\/visaoplus.pt\/wp-content\/uploads\/2022\/07\/lentes-for-blog-vanguard-220x300.jpg 220w, https:\/\/visaoplus.pt\/wp-content\/uploads\/2022\/07\/lentes-for-blog-vanguard.jpg 476w\" sizes=\"auto, (max-width: 220px) 100vw, 220px\" \/><\/a><\/p>\n<p>Classifica\u00e7\u00e3o e Campo Visual das Lentes Vanguard da Vis\u00e3o Plus<\/p>\n"},"caption":{"rendered":"<p>Classifica\u00e7\u00e3o e Campo Visual das Lentes Vanguard da Vis\u00e3o Plus<\/p>\n"},"alt_text":"Vanguard, lentes progressivas da Vis\u00e3o Plus. Classifica\u00e7\u00e3o de Vis\u00e3o ao Longe: 7\/8; Interm\u00e9dia: 6\/8; Perto: 6.5\/8","media_type":"image","mime_type":"image\/jpeg","media_details":{"width":476,"height":650,"file":"2022\/07\/lentes-for-blog-vanguard.jpg","filesize":235452,"sizes":{"medium":{"file":"lentes-for-blog-vanguard-220x300.jpg","width":220,"height":300,"filesize":36963,"mime_type":"image\/jpeg","source_url":"https:\/\/visaoplus.pt\/wp-content\/uploads\/2022\/07\/lentes-for-blog-vanguard-220x300.jpg"},"thumbnail":{"file":"lentes-for-blog-vanguard-150x150.jpg","width":150,"height":150,"filesize":24694,"mime_type":"image\/jpeg","source_url":"https:\/\/visaoplus.pt\/wp-content\/uploads\/2022\/07\/lentes-for-blog-vanguard-150x150.jpg"},"full":{"file":"lentes-for-blog-vanguard.jpg","width":476,"height":650,"mime_type":"image\/jpeg","source_url":"https:\/\/visaoplus.pt\/wp-content\/uploads\/2022\/07\/lentes-for-blog-vanguard.jpg"}},"image_meta":{"aperture":"0","credit":"","camera":"","caption":"","created_timestamp":"0","copyright":"","focal_length":"0","iso":"0","shutter_speed":"0","title":"Vis\u00e3o Plus 140x50cm","orientation":"1","keywords":[]}},"post":null,"source_url":"https:\/\/visaoplus.pt\/wp-content\/uploads\/2022\/07\/lentes-for-blog-vanguard.jpg","_links":{"self":[{"href":"https:\/\/visaoplus.pt\/en\/wp-json\/wp\/v2\/media\/3150","targetHints":{"allow":["GET"]}}],"collection":[{"href":"https:\/\/visaoplus.pt\/en\/wp-json\/wp\/v2\/media"}],"about":[{"href":"https:\/\/visaoplus.pt\/en\/wp-json\/wp\/v2\/types\/attachment"}],"author":[{"embeddable":true,"href":"https:\/\/visaoplus.pt\/en\/wp-json\/wp\/v2\/users\/1"}],"replies":[{"embeddable":true,"href":"https:\/\/visaoplus.pt\/en\/wp-json\/wp\/v2\/comments?post=3150"}]}}

Visão Plus Lente Vanguard

<p class="attachment"><a href='https://visaoplus.pt/wp-content/uploads/2022/07/lentes-for-blog-vanguard.jpg'><img loading="lazy" decoding="async" width="220" height="300" src="https://visaoplus.pt/wp-content/uploads/2022/07/lentes-for-blog-vanguard-220x300.jpg" class="attachment-medium size-medium" alt="Vanguard, lentes progressivas da Visão Plus. Classificação de Visão ao Longe: 7/8; Intermédia: 6/8; Perto: 6.5/8" srcset="https://visaoplus.pt/wp-content/uploads/2022/07/lentes-for-blog-vanguard-220x300.jpg 220w, https://visaoplus.pt/wp-content/uploads/2022/07/lentes-for-blog-vanguard.jpg 476w" sizes="auto, (max-width: 220px) 100vw, 220px" /></a></p>
<p>Classificação e Campo Visual das Lentes Vanguard da Visão Plus</p>

<p>Classificação e Campo Visual das Lentes Vanguard da Visão Plus</p>

Vanguard, lentes progressivas da Visão Plus. Classificação de Visão ao Longe: 7/8; Intermédia: 6/8; Perto: 6.5/8

Visão Plus 140x50cm
