{"id":2792,"date":"2021-03-30T14:30:56","date_gmt":"2021-03-30T14:30:56","guid":{"rendered":"https:\/\/visaoplus.pt\/wp-content\/uploads\/2021\/03\/cartaz-entrada-visaoplus-marina-vilamoura.jpg"},"modified":"2021-03-30T14:34:29","modified_gmt":"2021-03-30T14:34:29","slug":"cartaz-entrada-visaoplus-marina-vilamoura","status":"inherit","type":"attachment","link":"https:\/\/visaoplus.pt\/en\/abriu-nova-loja-da-visao-plus-na-marina-de-vilamoura\/cartaz-entrada-visaoplus-marina-vilamoura\/","title":{"rendered":"cartaz-entrada-vis\u00e3oplus-marina-vilamoura"},"author":1,"featured_media":0,"comment_status":"open","ping_status":"closed","template":"","meta":{"om_disable_all_campaigns":false,"_uag_custom_page_level_css":"","_monsterinsights_skip_tracking":false,"_monsterinsights_sitenote_active":false,"_monsterinsights_sitenote_note":"","_monsterinsights_sitenote_category":0,"site-sidebar-layout":"default","site-content-layout":"","ast-site-content-layout":"default","site-content-style":"default","site-sidebar-style":"default","ast-global-header-display":"","ast-banner-title-visibility":"","ast-main-header-display":"","ast-hfb-above-header-display":"","ast-hfb-below-header-display":"","ast-hfb-mobile-header-display":"","site-post-title":"","ast-breadcrumbs-content":"","ast-featured-img":"","footer-sml-layout":"","ast-disable-related-posts":"","theme-transparent-header-meta":"","adv-header-id-meta":"","stick-header-meta":"","header-above-stick-meta":"","header-main-stick-meta":"","header-below-stick-meta":"","astra-migrate-meta-layouts":"default","ast-page-background-enabled":"default","ast-page-background-meta":{"desktop":{"background-color":"","background-image":"","background-repeat":"repeat","background-position":"center center","background-size":"auto","background-attachment":"scroll","background-type":"","background-media":"","overlay-type":"","overlay-color":"","overlay-opacity":"","overlay-gradient":""},"tablet":{"background-color":"","background-image":"","background-repeat":"repeat","background-position":"center center","background-size":"auto","background-attachment":"scroll","background-type":"","background-media":"","overlay-type":"","overlay-color":"","overlay-opacity":"","overlay-gradient":""},"mobile":{"background-color":"","background-image":"","background-repeat":"repeat","background-position":"center center","background-size":"auto","background-attachment":"scroll","background-type":"","background-media":"","overlay-type":"","overlay-color":"","overlay-opacity":"","overlay-gradient":""}},"ast-content-background-meta":{"desktop":{"background-color":"var(--ast-global-color-5)","background-image":"","background-repeat":"repeat","background-position":"center center","background-size":"auto","background-attachment":"scroll","background-type":"","background-media":"","overlay-type":"","overlay-color":"","overlay-opacity":"","overlay-gradient":""},"tablet":{"background-color":"var(--ast-global-color-5)","background-image":"","background-repeat":"repeat","background-position":"center center","background-size":"auto","background-attachment":"scroll","background-type":"","background-media":"","overlay-type":"","overlay-color":"","overlay-opacity":"","overlay-gradient":""},"mobile":{"background-color":"var(--ast-global-color-5)","background-image":"","background-repeat":"repeat","background-position":"center center","background-size":"auto","background-attachment":"scroll","background-type":"","background-media":"","overlay-type":"","overlay-color":"","overlay-opacity":"","overlay-gradient":""}}},"class_list":["post-2792","attachment","type-attachment","status-inherit","hentry"],"aioseo_notices":[],"description":{"rendered":"<p class=\"attachment\"><a href='https:\/\/visaoplus.pt\/wp-content\/uploads\/2021\/03\/cartaz-entrada-visaoplus-marina-vilamoura-scaled.jpg'><img loading=\"lazy\" decoding=\"async\" width=\"200\" height=\"300\" src=\"https:\/\/visaoplus.pt\/wp-content\/uploads\/2021\/03\/cartaz-entrada-visaoplus-marina-vilamoura-200x300.jpg\" class=\"attachment-medium size-medium\" alt=\"Cartaz Vis\u00e3o Plus - Vilamoura Optometria, lentes de contacto, repara\u00e7\u00f5es, especialistas em progressivas. Ponto de venda de marca Shamir especialista em lentes desportivas\" srcset=\"https:\/\/visaoplus.pt\/wp-content\/uploads\/2021\/03\/cartaz-entrada-visaoplus-marina-vilamoura-200x300.jpg 200w, https:\/\/visaoplus.pt\/wp-content\/uploads\/2021\/03\/cartaz-entrada-visaoplus-marina-vilamoura-681x1024.jpg 681w, https:\/\/visaoplus.pt\/wp-content\/uploads\/2021\/03\/cartaz-entrada-visaoplus-marina-vilamoura-768x1155.jpg 768w, https:\/\/visaoplus.pt\/wp-content\/uploads\/2021\/03\/cartaz-entrada-visaoplus-marina-vilamoura-1022x1536.jpg 1022w, https:\/\/visaoplus.pt\/wp-content\/uploads\/2021\/03\/cartaz-entrada-visaoplus-marina-vilamoura-1362x2048.jpg 1362w, https:\/\/visaoplus.pt\/wp-content\/uploads\/2021\/03\/cartaz-entrada-visaoplus-marina-vilamoura-scaled.jpg 1703w\" sizes=\"auto, (max-width: 200px) 100vw, 200px\" \/><\/a><\/p>\n<p>Cartaz na entrada da Vis\u00e3o Plus na Marina de Vilamoura<\/p>\n"},"caption":{"rendered":"<p>Cartaz na entrada da Vis\u00e3o Plus na Marina de Vilamoura<\/p>\n"},"alt_text":"Cartaz Vis\u00e3o Plus - Vilamoura Optometria, lentes de contacto, repara\u00e7\u00f5es, especialistas em progressivas. Ponto de venda de marca Shamir especialista em lentes desportivas","media_type":"image","mime_type":"image\/jpeg","media_details":{"width":1703,"height":2560,"file":"2021\/03\/cartaz-entrada-visaoplus-marina-vilamoura-scaled.jpg","sizes":{"medium":{"file":"cartaz-entrada-visaoplus-marina-vilamoura-200x300.jpg","width":200,"height":300,"mime_type":"image\/jpeg","source_url":"https:\/\/visaoplus.pt\/wp-content\/uploads\/2021\/03\/cartaz-entrada-visaoplus-marina-vilamoura-200x300.jpg"},"large":{"file":"cartaz-entrada-visaoplus-marina-vilamoura-681x1024.jpg","width":681,"height":1024,"mime_type":"image\/jpeg","source_url":"https:\/\/visaoplus.pt\/wp-content\/uploads\/2021\/03\/cartaz-entrada-visaoplus-marina-vilamoura-681x1024.jpg"},"thumbnail":{"file":"cartaz-entrada-visaoplus-marina-vilamoura-150x150.jpg","width":150,"height":150,"mime_type":"image\/jpeg","source_url":"https:\/\/visaoplus.pt\/wp-content\/uploads\/2021\/03\/cartaz-entrada-visaoplus-marina-vilamoura-150x150.jpg"},"medium_large":{"file":"cartaz-entrada-visaoplus-marina-vilamoura-768x1155.jpg","width":768,"height":1155,"mime_type":"image\/jpeg","source_url":"https:\/\/visaoplus.pt\/wp-content\/uploads\/2021\/03\/cartaz-entrada-visaoplus-marina-vilamoura-768x1155.jpg"},"1536x1536":{"file":"cartaz-entrada-visaoplus-marina-vilamoura-1022x1536.jpg","width":1022,"height":1536,"mime_type":"image\/jpeg","source_url":"https:\/\/visaoplus.pt\/wp-content\/uploads\/2021\/03\/cartaz-entrada-visaoplus-marina-vilamoura-1022x1536.jpg"},"2048x2048":{"file":"cartaz-entrada-visaoplus-marina-vilamoura-1362x2048.jpg","width":1362,"height":2048,"mime_type":"image\/jpeg","source_url":"https:\/\/visaoplus.pt\/wp-content\/uploads\/2021\/03\/cartaz-entrada-visaoplus-marina-vilamoura-1362x2048.jpg"},"full":{"file":"cartaz-entrada-visaoplus-marina-vilamoura-scaled.jpg","width":1703,"height":2560,"mime_type":"image\/jpeg","source_url":"https:\/\/visaoplus.pt\/wp-content\/uploads\/2021\/03\/cartaz-entrada-visaoplus-marina-vilamoura-scaled.jpg"}},"image_meta":{"aperture":"1.7","credit":"","camera":"SM-J530F","caption":"","created_timestamp":"1615035475","copyright":"","focal_length":"3.71","iso":"40","shutter_speed":"0.0014064697609001","title":"","orientation":"1"},"original_image":"cartaz-entrada-visaoplus-marina-vilamoura.jpg"},"post":2786,"source_url":"https:\/\/visaoplus.pt\/wp-content\/uploads\/2021\/03\/cartaz-entrada-visaoplus-marina-vilamoura-scaled.jpg","_links":{"self":[{"href":"https:\/\/visaoplus.pt\/en\/wp-json\/wp\/v2\/media\/2792","targetHints":{"allow":["GET"]}}],"collection":[{"href":"https:\/\/visaoplus.pt\/en\/wp-json\/wp\/v2\/media"}],"about":[{"href":"https:\/\/visaoplus.pt\/en\/wp-json\/wp\/v2\/types\/attachment"}],"author":[{"embeddable":true,"href":"https:\/\/visaoplus.pt\/en\/wp-json\/wp\/v2\/users\/1"}],"replies":[{"embeddable":true,"href":"https:\/\/visaoplus.pt\/en\/wp-json\/wp\/v2\/comments?post=2792"}],"wp:attached-to":[{"embeddable":true,"post_type":"post","id":2786,"href":"https:\/\/visaoplus.pt\/en\/wp-json\/wp\/v2\/posts\/2786"}],"curies":[{"name":"wp","href":"https:\/\/api.w.org\/{rel}","templated":true}]}}

cartaz-entrada-visãoplus-marina-vilamoura

<p class="attachment"><a href='https://visaoplus.pt/wp-content/uploads/2021/03/cartaz-entrada-visaoplus-marina-vilamoura-scaled.jpg'><img loading="lazy" decoding="async" width="200" height="300" src="https://visaoplus.pt/wp-content/uploads/2021/03/cartaz-entrada-visaoplus-marina-vilamoura-200x300.jpg" class="attachment-medium size-medium" alt="Cartaz Visão Plus - Vilamoura Optometria, lentes de contacto, reparações, especialistas em progressivas. Ponto de venda de marca Shamir especialista em lentes desportivas" srcset="https://visaoplus.pt/wp-content/uploads/2021/03/cartaz-entrada-visaoplus-marina-vilamoura-200x300.jpg 200w, https://visaoplus.pt/wp-content/uploads/2021/03/cartaz-entrada-visaoplus-marina-vilamoura-681x1024.jpg 681w, https://visaoplus.pt/wp-content/uploads/2021/03/cartaz-entrada-visaoplus-marina-vilamoura-768x1155.jpg 768w, https://visaoplus.pt/wp-content/uploads/2021/03/cartaz-entrada-visaoplus-marina-vilamoura-1022x1536.jpg 1022w, https://visaoplus.pt/wp-content/uploads/2021/03/cartaz-entrada-visaoplus-marina-vilamoura-1362x2048.jpg 1362w, https://visaoplus.pt/wp-content/uploads/2021/03/cartaz-entrada-visaoplus-marina-vilamoura-scaled.jpg 1703w" sizes="auto, (max-width: 200px) 100vw, 200px" /></a></p>
<p>Cartaz na entrada da Visão Plus na Marina de Vilamoura</p>

<p>Cartaz na entrada da Visão Plus na Marina de Vilamoura</p>

Cartaz Visão Plus - Vilamoura Optometria, lentes de contacto, reparações, especialistas em progressivas. Ponto de venda de marca Shamir especialista em lentes desportivas
